ommon factor of 8505 and 4305.
105
What is the highest common divisor of 2133 and 237?
237
What is the greatest common factor of 107050 and 200?
50
What is the greatest common divisor of 168 and 42264?
24
What is the highest common divisor of 312 and 3786042?
78
What is the highest common divisor of 405 and 29565?
405
What is the greatest common divisor of 112 and 55976?
8
What is the greatest common factor of 92 and 15?
1
Calculate the greatest common divisor of 1729 and 2639.
91
What is the greatest common factor of 27 and 45783?
9
Calculate the greatest common factor of 113527 and 7276.
107
Calculate the highest common factor of 72967 and 2228.
557
What is the highest common divisor of 1184 and 2824?
8
What is the greatest common factor of 672 and 32172?
84
Calculate the greatest common divisor of 2277 and 1617.
33
Calculate the greatest common factor of 84 and 11732.
28
Calculate the highest common divisor of 8304 and 360.
24
What is the greatest common factor of 3838 and 1414?
202
Calculate the highest common divisor of 957 and 2697.
87
Calculate the highest common divisor of 11 and 688853.
11
Calculate the highest common factor of 15106 and 8798.
166
Calculate the highest common factor of 1 and 43693.
1
What is the highest common factor of 56472 and 29016?
312
What is the greatest common factor of 845702 and 10582?
286
Calculate the greatest common divisor of 23421 and 777.
111
Calculate the greatest common factor of 6239 and 6973.
367
Calculate the greatest common divisor of 2898 and 6417.
207
Calculate the greatest common factor of 518 and 2702.
14
What is the highest common factor of 832147 and 1714?
857
What is the greatest common factor of 1784 and 24307?
223
What is the highest common divisor of 11418 and 11352?
66
Calculate the greatest common divisor of 4982 and 5830.
106
What is the highest common divisor of 193648 and 700?
28
What is the greatest common factor of 225096 and 5312?
664
What is the greatest common divisor of 10192 and 97216?
784
Calculate the greatest common factor of 1891 and 28121.
61
What is the greatest common factor of 86 and 91891?
43
Calculate the greatest common factor of 43170 and 40.
10
Calculate the greatest common divisor of 273 and 46228.
91
Calculate the highest common factor of 15 and 6463095.
15
What is the greatest common factor of 382 and 335205?
191
Calculate the greatest common divisor of 29760 and 23360.
320
What is the highest common divisor of 3496 and 55292?
92
What is the greatest common divisor of 184 and 8027?
23
Calculate the highest common divisor of 185 and 5624.
37
Calculate the greatest common divisor of 7256 and 3356.
4
Calculate the greatest common factor of 104930 and 28.
14
Calculate the highest common divisor of 249 and 3068012.
83
Calculate the greatest common factor of 100 and 31610.
10
Calculate the greatest common factor of 38 and 3914.
38
What is the highest common factor of 228 and 89490?
114
Calculate the highest common divisor of 51 and 15997.
17
What is the greatest common divisor of 16588 and 616?
44
Calculate the highest common divisor of 14739477 and 93.
93
Calculate the greatest common divisor of 1864 and 704.
8
What is the greatest common factor of 624308 and 119?
17
What is the highest common factor of 8 and 10936?
8
What is the highest common factor of 28000 and 252?
28
Calculate the highest common divisor of 29889 and 3198.
123
What is the highest common factor of 110 and 1647415?
55
What is the highest common divisor of 129191 and 621?
23
Calculate the highest common factor of 60 and 37480.
20
Calculate the highest common factor of 128 and 122432.
64
What is the highest common divisor of 7271 and 55?
11
Calculate the greatest common factor of 4623 and 4288.
67
Calculate the highest common factor of 22 and 8426.
22
Calculate the highest common divisor of 32639 and 762.
127
Calculate the highest common factor of 22961 and 7.
1
Calculate the highest common divisor of 434484 and 14900.
596
What is the highest common divisor of 5738 and 6946?
302
What is the greatest common factor of 196 and 9520?
28
Calculate the highest common divisor of 1732740 and 80.
20
What is the greatest common divisor of 205259 and 5312?
83
Calculate the highest common factor of 697030 and 45.
5
What is the highest common divisor of 8180 and 20?
20
What is the highest common factor of 457845 and 1398?
699
Calculate the highest common divisor of 1398 and 16.
2
Calculate the highest common factor of 120 and 1780440.
120
What is the highest common factor of 88 and 1856?
8
Calculate the greatest common factor of 752 and 7567.
47
What is the greatest common factor of 1080 and 154710?
270
What is the greatest common divisor of 16 and 104248?
8
Calculate the highest common divisor of 3363 and 2698.
19
What is the greatest common divisor of 256 and 1386112?
128
Calculate the highest common divisor of 431289 and 4671.
1557
Calculate the highest common divisor of 60 and 1815.
15
Calculate the greatest common factor of 16 and 409984.
16
Calculate the highest common factor of 1 and 137359.
1
What is the greatest common divisor of 1812720 and 80?
80
Calculate the greatest common divisor of 2788581 and 3.
3
Calculate the highest common divisor of 594 and 58542.
66
What is the greatest common factor of 21184 and 24?
8
Calculate the greatest common divisor of 7 and 6321.
7
Calculate the highest common divisor of 39295 and 2175.
145
What is the greatest common factor of 56 and 122402?
14
What is the highest common factor of 120 and 183096?
24
Calculate the greatest common divisor of 86668 and 2632.
188
What is the highest common divisor of 66 and 2514?
6
Calculate the greatest common factor of 606 and 7537428.
606
What is the highest common factor of 2745 and 555?
15
Calculate the highest common divisor of 1047459 and 7812.
651
What is the greatest common divisor of 115691 and 1634?
19
What is the greatest common divisor of 1158 and 582?
6
What is the highest common factor of 228094 and 1180?
118
What is the highest common divisor of 33292 and 321440?
1148
Calculate the greatest common divisor of 1447731 and 558.
279
Calculate the highest common divisor of 7852 and 135296.
604
Calculate the greatest common divisor of 20319 and 26.
13
Calculate the greatest common divisor of 67 and 30083.
67
What is the highest common divisor of 49442 and 1257?
419
What is the greatest common divisor of 2287215 and 1260?
315
Calculate the highest common divisor of 5604 and 156.
12
What is the highest common divisor of 18 and 72018?
18
What is the highest common divisor of 2205 and 7840?
245
Calculate the greatest common factor of 9169 and 2650.
53
What is the greatest common divisor of 408630 and 5654?
514
Calculate the greatest common factor of 1666200 and 2100.
300
Calculate the highest common factor of 24045 and 1050.
105
Calculate the greatest common factor of 24324 and 42.
6
Calculate the greatest common factor of 866 and 47197.
433
Calculate the highest common divisor of 41633 and 3081.
79
What is the highest common factor of 32759 and 611?
47
What is the greatest common divisor of 600 and 7700?
100
Calculate the highest common factor of 19292 and 636.
212
What is the greatest common divisor of 13272 and 3840?
24
What is the greatest common factor of 5291 and 718289?
143
What is the highest common divisor of 8030 and 1331?
11
Calculate the greatest common divisor of 6669 and 567.
27
Calculate the greatest common divisor of 21 and 249.
3
What is the greatest common divisor of 4212 and 53784?
324
What is the greatest common factor of 61944 and 12?
12
What is the greatest common factor of 3750 and 3072?
6
Calculate the highest common factor of 16 and 11068.
4
Calculate the greatest common factor of 11 and 26778.
1
Calculate the highest common divisor of 2868 and 52.
4
What is the highest common divisor of 5970 and 35?
5
Calculate the greatest common factor of 12 and 976452.
12
Calculate the greatest common factor of 9978 and 102.
6
What is the greatest common factor of 542 and 53387?
271
Calculate the greatest common divisor of 2928 and 631472.
976
What is the greatest common divisor of 151210 and 190?
10
What is the highest common divisor of 2479 and 12?
1
Calculate the highest common divisor of 98 and 904246.
98
C